se
Suppose -6*y + 3123 = -9*y + 3*m, 0 = -4*y - 4*m - 4148. Suppose -9264 = -0*t - 4*t. Let c = y + t. Is c a composite number?
False
Suppose -15*b + 12*b = 6, 105302 = 4*s + 3*b. Is s prime?
False
Let f(u) = -u**3 + 6*u**2. Let j be f(6). Let y = 263 - 238. Let s = j + y. Is s composite?
True
Let d be 14/(-21) + (-28)/(-6). Suppose -2*z + z + d*s = -999, -4 = -2*s. Suppose 0 = 5*c - 3252 + z. Is c prime?
True
Suppose 3*j + 0 = -4*x + 1, -4*j = -2*x - 16. Suppose i = -j*i + u + 42, 14 = 2*i + 3*u. Is 306/15 - (-6)/i prime?
False
Is 8394/18 + 4 + 16/(-12) prime?
False
Let a(b) be the second derivative of b**7/2520 + b**6/360 + b**5/30 - 11*b**4/12 + 2*b. Let l(k) be the third derivative of a(k). Is l(7) a prime number?
True
Suppose -1 = 6*q - 5*q. Let r be ((-4 - -2) + 1)*q. Let p = r - -50. Is p composite?
True
Let x = 3557 - 1904. Suppose -29*h = -26*h - x. Is h prime?
False
Suppose -3*u + 7*t + 3861 = 3*t, -1280 = -u - t. Is u composite?
False
Is 1*(11 + (-100401)/(-7)) prime?
False
Let p = 1134 - 715. Is p composite?
False
Let s(h) = -2*h - 3. Let o be s(-4). Suppose 3*y + o*g - 7841 = 0, 3*y + 0*y + g = 7825. Is ((-16)/24)/((-2)/y) a composite number?
True
Let s be 21/(-4)*((-295)/15 - -1). Suppose 2*r - 688 - s = 0. Is r a prime number?
False
Let w(b) = b**3 + 13*b**2 - 31*b + 26. Is w(29) composite?
True
Let v = -20 + 18. Is -4*v/8 + 93 a prime number?
False
Let v = -4 - -10. Suppose -4*n - 3*g = v, 5*g + 11 - 1 = -4*n. Suppose -3*q + 260 = t, n = -q - 5*t + 11 + 71. Is q a prime number?
False
Suppose -26*x + 16*x = -14810. Is x a composite number?
False
Let u(r) = r - 11. Let o be u(9). Let g be 3/o + 12/8. Is (g - -3) + (-12)/(-2) a composite number?
True
Suppose 0 = -2*p + 40*p - 123994. Is p a prime number?
False
Let x(r) = 1176*r**2 + 11*r - 10. Is x(1) a composite number?
True
Let b = 15752 - 10585. Is b prime?
True
Let f be ((-382)/8 + 0)/((-7)/28). Suppose -2*j - f = -513. Is j prime?
False
Suppose -s + 28 = 4*f, f + 4*s = -0*f - 8. Suppose -9*v + 879 = -f*v. Is v a composite number?
True
Let h be (-21)/5 - (-2)/10. Let t be (-50)/((-3)/12*h). Let r = -25 - t. Is r a prime number?
False
Is (2/2)/(4*(-2)/(-4328)) a composite number?
False
Suppose 6817 = 5*p + 1577. Suppose -d + p = -1345. Is d a composite number?
False
Is ((-44)/(-176))/((-2)/(-311224)) a composite number?
False
Let h(u) = 11*u**3 - 15*u**3 + 1 - 5*u - u**2 + 5*u. Let j be h(-5). Suppose -c + j = 3*c. Is c a composite number?
True
Let i(b) = -b**2 - b - 1. Let a(d) = 3*d**2 - 27*d + 34. Let z(f) = a(f) - 3*i(f). Is z(21) a composite number?
False
Let t be (-5 + 7 - (-10)/(-6))*27. Suppose t*k + 6153 = 12*k. Is k composite?
True
Suppose -6*m + y = -3*m, -5*y = 2*m. Suppose 4*c - 3 = 9. Suppose c*l - 291 = -m*l. Is l a prime number?
True
Let y(p) be the first derivative of -23*p**2 + 59*p - 25. Is y(-19) a composite number?
True
Let a be 1/1 + 12/12. Suppose -4*m - 412 = -2*x, 594 = 3*x - 0*x + a*m. Suppose 0 = -3*p - x + 1061. Is p prime?
False
Let c = 42 - -4. Is c/4 - (-6)/(-4) composite?
True
Is 55 + 2031 - 5*1 a composite number?
False
Suppose -4*m + 6*m = -5*v + 14, -5*v + 8 = 4*m. Let c be 8/m*(-9)/(-6). Is 66 + (-2)/(c/2) prime?
True
Suppose 0*d + 4*d = 384. Suppose -40 = -15*u + 20. Suppose -l - 474 = -5*y, u*y + l = 3*y + d. Is y a prime number?
False
Is (-1)/(-7 - 5418684/(-774099)) composite?
False
Let m = -1113 + 1660. Is m composite?
False
Suppose -4*w + 3*b = -160, 17*b - 13*b + 27 = w. Is w a prime number?
True
Is 360405/60 + (-1)/(-4) a prime number?
True
Suppose -4*c - 162 + 578 = 0. Let l = 81 + c. Is l composite?
True
Let u(o) = -o**3 - 23*o**2 - 30*o - 11. Let x(v) = -2*v**3 - 46*v**2 - 59*v - 22. Let k(q) = 5*u(q) - 3*x(q). Is k(-21) composite?
True
Suppose 0 = 4*n - 3*n. Let r be n/2 - (-2 + 1). Let f(y) = 143*y. Is f(r) a composite number?
True
Suppose -3*u = 0, -2*u + 9236 = 2*h + u. Suppose -4*p + h = 1266. Is p a prime number?
False
Let k(j) = j**3 + 6*j**2 - 10*j - 11. Suppose 4 = -y - 3. Let i be k(y). Is 10322/65 + 2/i prime?
False
Suppose 7*h + 5*h = 44628. Is h prime?
True
Suppose -m + 12 - 6 = b, b = 3*m + 22. Let n be 1/(1/7)*2. Suppose -n*r - b = -15*r. Is r a prime number?
False
Let c = 30 - 25. Let y = c - -2. Suppose q - 28 = y. Is q a composite number?
True
Suppose -5*d + 2 - 9 = f, 0 = 2*d - f. Let a(i) = -1329 + 664 + 664 + 192*i**2. Is a(d) prime?
True
Let m = 10146 + -7193. Is m composite?
False
Is 5 - (-33144*4)/4 composite?
False
Let o(p) = 20*p - 1. Let l(q) = 21*q - 1. Let n(h) = -6*l(h) + 5*o(h). Suppose 3*z + 0*z + 6 = 0. Is n(z) prime?
True
Suppose -5*m = -y + 28, m = 5*y + 41 - 133. Suppose 81 = y*s - 15*s. Is (-2)/(-9) - (-10065)/s composite?
False
Suppose 2*g + u - 11665 = -4082, -3*g + 2*u = -11385. Is g a prime number?
True
Suppose j = 5*j. Suppose -2*v + 2*w + 8748 = j, 2*w - 21838 = -5*v - w. Let m = v + -2217. Is m a prime number?
True
Let f = -1849 - -4706. Is f composite?
False
Let i = 4382 - 675. Is i composite?
True
Let j(s) = 11*s**3 + 4*s**2 - 3*s - 10. Let m be j(6). Suppose 0 = 2*t + 4*g - m + 386, -4*g + 3161 = 3*t. Is t composite?
True
Let g be 5/(-1 - -16)*9. Is (0 + g)/(2/74) a composite number?
True
Suppose 200 = -v + 55. Is v*((-85)/25 - -3) a composite number?
True
Let f = 1395 - -708. Is f composite?
True
Suppose -n = -5*m + 4*n + 695, 2*m + n - 290 = 0. Suppose 4*u = -2*w + 3*u + 137, -m = -2*w + u. Suppose w = -5*o + 1605. Is o composite?
False
Suppose -28178 = 2*p + 4*b - 117232, 2*b - 178114 = -4*p. Is p a prime number?
False
Let n = 0 + 14. Suppose -5*c - n = 16. Is -1 + 81 + (c - -5) composite?
False
Let z(j) = -3 - 7 + 3 + 1 + 473*j. Is z(1) composite?
False
Suppose 916 = 6*t - t - 2*p, 6 = 3*p. Let n = t - 78. Is n a prime number?
False
Let c(v) = 6*v + 13. Suppose 49 = 4*o - 91. Suppose -5*y - o - 35 = -5*w, 3*y = -15. Is c(w) prime?
True
Let r(j) = j**2 - 8*j - 3. Let m be r(9). Let g be ((-6)/2)/((-6)/m). Suppose 0*z = g*z - 627. Is z composite?
True
Let b(m) be the second derivative of -m**5/20 + m**4 + m**3/2 + 6*m**2 - 33*m. Is b(11) prime?
False
Is (-6)/(-72) - 48184/(-96) prime?
False
Suppose 71*p + 30550 = 76*p + 5*s, 3*p + 5*s = 18320. Is p a composite number?
True
Is 6/57 - (-278954)/38 a prime number?
False
Suppose 4*c = -4*c + 168. Let s = c - -22. Is s a prime number?
True
Suppose -48*v = -44*v - 13460. Is v a composite number?
True
Let f = -12371 + 18724. Is f a prime number?
True
Let s(n) = -2*n + 4. Let h be s(0). Is (-597)/(-9) + h/6 a composite number?
False
Let c = -7 - -9. Suppose -438 + 1338 = c*l. Suppose z = -4*q + 1513, 3*q - 661 - l = 4*z. Is q composite?
True
Let v = -21 - -25. Suppose -3*d - 15 = v*t, -2*d = 2*d + 20. Suppose -2*u - 659 + 2097 = t. Is u a composite number?
False
Suppose x + 3*w - 2719 = 0, -4*w + 3630 = 4*x - 7246. Is x a prime number?
True
Suppose 0*g + 5*g = -4*s + 17, 2*g - 16 = 3*s. Suppose -1496 = -2*c + 3*y - 214, -y = -g*c + 3205. Is c a prime number?
True
Suppose -6*o = -10*o + 12. Let s be (-6)/(o + 18/(-4)). Suppose 5 = q, 0*u = -s*u - q + 89. Is u a prime number?
False
Let g(j) = -j**2 - 9*j + 10. Let p be g(-11). Let f = -2 - p. Suppose f*c = 11*c - 25. Is c a composite number?
True
Suppose -4495 = -q - 5*j, 5*j + 7010 = -5*q + 29445. Suppose 16*m + q = 37653. Is m a composite number?
True
Let h be -8*(-4)/(-8) - 2. Let p(u) = 3*u**2 - 8*u - 13. Is p(h) prime?
False
Let f(w) = 391*w**3 + 5*w**2 - 5*w - 1. Is f(2) a prime number?
True
Is (-8 - 170/(-20))*18022 a composite number?
False
Let f(c) = 1794*c + 2. Let z be f(3). Let j be ((-10)/20)/((-1)/z). Is 3/2*j/6 composite?
False
Let v = -14411 - -33384. Is v a prime number?
True
Suppose 104 + 22 = 3*v. Suppose -301 = -14*m + 7*m. Suppose -v*l + m*l - 254 = 0. Is l a composite number?
True
Let g = -4066 + 5787. Is g a prime number?
True
Let m = 53 + 27. Let s = m - -77. Is s a composite number?
False
Is (-813296)/(-27) - (728/351 + -2) prime?
False
Let q(a) = 49*a**2 + 33*a + 39. Is q(-14) composite?
False
Let i = -9478 + 16491. Is i a composite number?
False
Suppose -7 = -2*h - y, -2*h - 13 = -y + 6*y. Suppose 55 = -3*w + r, -3*w - 4*r - 47 = -12. Let a = h - w. Is a a composite number?
False
Suppose -96*m + 528397 = -59*m. Is m a composite number?
False
Is (-1 - 2)*(-14)/(-